[gw7] [ 95%] PASSED test.py::test_encoding_detection_all[EncodingEra.MODERN_WEB-tests/windows-1252-irish/culturax_mC4_63470.txt-windows-1252-EncodingEra.MODERN_WEB] test.py::test_encoding_detection_all[EncodingEra.MODERN_WEB-tests/windows-1252-italian/culturax_mC4_92388.txt-windows-1252-EncodingEra.MODERN_WEB]
[gw1] [ 95%] PASSED test.py::test_encoding_detection_all[EncodingEra.MODERN_WEB-tests/windows-1252-norwegian/culturax_mC4_66762.txt-windows-1252-EncodingEra.MODERN_WEB] test.py::test_encoding_detection_all[EncodingEra.MODERN_WEB-tests/windows-1252-norwegian/culturax_mC4_66763.txt-windows-1252-EncodingEra.MODERN_WEB]
[gw2] [ 95%] PASSED test.py::test_encoding_detection_all[EncodingEra.MODERN_WEB-tests/windows-1252-portuguese/culturax_mC4_101818.txt-windows-1252-EncodingEra.MODERN_WEB] test.py::test_encoding_detection_all[EncodingEra.MODERN_WEB-tests/windows-1252-spanish/culturax_mC4_87069.txt-windows-1252-EncodingEra.MODERN_WEB]
[gw5] [ 95%] PASSED test.py::test_encoding_detection_all[EncodingEra.MODERN_WEB-tests/windows-1251-russian/forum.template-toolkit.ru.8.xml-windows-1251-EncodingEra.MODERN_WEB] test.py::test_encoding_detection_all[EncodingEra.MODERN_WEB-tests/windows-1251-russian/forum.template-toolkit.ru.9.xml-windows-1251-EncodingEra.MODERN_WEB]
[gw6] [ 95%] PASSED test.py::test_encoding_detection_all[EncodingEra.MODERN_WEB-tests/windows-1251-russian/culturax_OSCAR-2019_85055.txt-windows-1251-EncodingEra.MODERN_WEB] test.py::test_encoding_detection_all[EncodingEra.MODERN_WEB-tests/windows-1251-russian/culturax_OSCAR-2019_85057.txt-windows-1251-EncodingEra.MODERN_WEB]
[gw7] [ 95%] PASSED test.py::test_encoding_detection_all[EncodingEra.MODERN_WEB-tests/windows-1252-italian/culturax_mC4_92388.txt-windows-1252-EncodingEra.MODERN_WEB] test.py::test_encoding_detection_all[EncodingEra.MODERN_WEB-tests/windows-1252-spanish/culturax_mC4_87070.txt-windows-1252-EncodingEra.MODERN_WEB]
[gw1] [ 95%] PASSED test.py::test_encoding_detection_all[EncodingEra.MODERN_WEB-tests/windows-1252-norwegian/culturax_mC4_66763.txt-windows-1252-EncodingEra.MODERN_WEB] test.py::test_encoding_detection_all[EncodingEra.MODERN_WEB-tests/windows-1252-norwegian/culturax_mC4_66764.txt-windows-1252-EncodingEra.MODERN_WEB]
[gw2] [ 95%] PASSED test.py::test_encoding_detection_all[EncodingEra.MODERN_WEB-tests/windows-1252-spanish/culturax_mC4_87069.txt-windows-1252-EncodingEra.MODERN_WEB] test.py::test_encoding_detection_all[EncodingEra.MODERN_WEB-tests/windows-1252-swedish/culturax_mC4_96487.txt-windows-1252-EncodingEra.MODERN_WEB]
[gw0] [ 95%] PASSED test.py::test_encoding_detection_all[EncodingEra.ALL-tests/windows-1251-russian/forum.template-toolkit.ru.9.xml-windows-1251-EncodingEra.MODERN_WEB] test.py::test_encoding_detection_all[EncodingEra.ALL-tests/windows-1251-russian/greek.ru.xml-windows-1251-EncodingEra.MODERN_WEB]
[gw5] [ 95%] PASSED test.py::test_encoding_detection_all[EncodingEra.MODERN_WEB-tests/windows-1251-russian/forum.template-toolkit.ru.9.xml-windows-1251-EncodingEra.MODERN_WEB] test.py::test_encoding_detection_all[EncodingEra.MODERN_WEB-tests/windows-1251-russian/greek.ru.xml-windows-1251-EncodingEra.MODERN_WEB]
[gw6] [ 95%] PASSED test.py::test_encoding_detection_all[EncodingEra.MODERN_WEB-tests/windows-1251-russian/culturax_OSCAR-2019_85057.txt-windows-1251-EncodingEra.MODERN_WEB] test.py::test_encoding_detection_all[EncodingEra.MODERN_WEB-tests/windows-1251-russian/culturax_mC4_85056.txt-windows-1251-EncodingEra.MODERN_WEB]
[gw0] [ 95%] XFAIL test.py::test_encoding_detection_all[EncodingEra.ALL-tests/windows-1251-russian/greek.ru.xml-windows-1251-EncodingEra.MODERN_WEB] test.py::test_encoding_detection_all[EncodingEra.ALL-tests/windows-1251-russian/intertat.ru.xml-windows-1251-EncodingEra.MODERN_WEB]
[gw7] [ 95%] PASSED test.py::test_encoding_detection_all[EncodingEra.MODERN_WEB-tests/windows-1252-spanish/culturax_mC4_87070.txt-windows-1252-EncodingEra.MODERN_WEB] test.py::test_encoding_detection_all[EncodingEra.MODERN_WEB-tests/windows-1252-spanish/culturax_mC4_87071.txt-windows-1252-EncodingEra.MODERN_WEB]
[gw6] [ 95%] PASSED test.py::test_encoding_detection_all[EncodingEra.MODERN_WEB-tests/windows-1251-russian/culturax_mC4_85056.txt-windows-1251-EncodingEra.MODERN_WEB] test.py::test_encoding_detection_all[EncodingEra.MODERN_WEB-tests/windows-1251-russian/forum.template-toolkit.ru.1.xml-windows-1251-EncodingEra.MODERN_WEB]
[gw5] [ 95%] PASSED test.py::test_encoding_detection_all[EncodingEra.MODERN_WEB-tests/windows-1251-russian/greek.ru.xml-windows-1251-EncodingEra.MODERN_WEB] test.py::test_encoding_detection_all[EncodingEra.MODERN_WEB-tests/windows-1251-russian/intertat.ru.xml-windows-1251-EncodingEra.MODERN_WEB]
[gw2] [ 95%] PASSED test.py::test_encoding_detection_all[EncodingEra.MODERN_WEB-tests/windows-1252-swedish/culturax_mC4_96487.txt-windows-1252-EncodingEra.MODERN_WEB] test.py::test_encoding_detection_all[EncodingEra.MODERN_WEB-tests/windows-1252-welsh/culturax_mC4_78727.txt-windows-1252-EncodingEra.MODERN_WEB]
[gw5] [ 96%] PASSED test.py::test_encoding_detection_all[EncodingEra.MODERN_WEB-tests/windows-1251-russian/intertat.ru.xml-windows-1251-EncodingEra.MODERN_WEB] test.py::test_encoding_detection_all[EncodingEra.MODERN_WEB-tests/windows-1251-russian/janulalife.blogspot.com.xml-windows-1251-EncodingEra.MODERN_WEB]
[gw1] [ 96%] PASSED test.py::test_encoding_detection_all[EncodingEra.MODERN_WEB-tests/windows-1252-norwegian/culturax_mC4_66764.txt-windows-1252-EncodingEra.MODERN_WEB] test.py::test_encoding_detection_all[EncodingEra.MODERN_WEB-tests/windows-1253-greek/culturax_OSCAR-2201_103812.txt-windows-1253-EncodingEra.MODERN_WEB]
[gw0] [ 96%] PASSED test.py::test_encoding_detection_all[EncodingEra.ALL-tests/windows-1251-russian/intertat.ru.xml-windows-1251-EncodingEra.MODERN_WEB] test.py::test_encoding_detection_all[EncodingEra.ALL-tests/windows-1251-russian/janulalife.blogspot.com.xml-windows-1251-EncodingEra.MODERN_WEB]
[gw7] [ 96%] PASSED test.py::test_encoding_detection_all[EncodingEra.MODERN_WEB-tests/windows-1252-spanish/culturax_mC4_87071.txt-windows-1252-EncodingEra.MODERN_WEB] test.py::test_encoding_detection_all[EncodingEra.MODERN_WEB-tests/windows-1252-swedish/culturax_mC4_96485.txt-windows-1252-EncodingEra.MODERN_WEB]
[gw1] [ 96%] PASSED test.py::test_encoding_detection_all[EncodingEra.MODERN_WEB-tests/windows-1253-greek/culturax_OSCAR-2201_103812.txt-windows-1253-EncodingEra.MODERN_WEB] test.py::test_encoding_detection_all[EncodingEra.MODERN_WEB-tests/windows-1253-greek/culturax_mC4_103810.txt-windows-1253-EncodingEra.MODERN_WEB]
[gw2] [ 96%] PASSED test.py::test_encoding_detection_all[EncodingEra.MODERN_WEB-tests/windows-1252-welsh/culturax_mC4_78727.txt-windows-1252-EncodingEra.MODERN_WEB] test.py::test_encoding_detection_all[EncodingEra.MODERN_WEB-tests/windows-1252-welsh/culturax_mC4_78728.txt-windows-1252-EncodingEra.MODERN_WEB]
[gw2] [ 96%] PASSED test.py::test_encoding_detection_all[EncodingEra.MODERN_WEB-tests/windows-1252-welsh/culturax_mC4_78728.txt-windows-1252-EncodingEra.MODERN_WEB] test.py::test_encoding_detection_all[EncodingEra.MODERN_WEB-tests/windows-1252-welsh/culturax_mC4_78729.txt-windows-1252-EncodingEra.MODERN_WEB]
[gw1] [ 96%] PASSED test.py::test_encoding_detection_all[EncodingEra.MODERN_WEB-tests/windows-1253-greek/culturax_mC4_103810.txt-windows-1253-EncodingEra.MODERN_WEB] test.py::test_encoding_detection_all[EncodingEra.MODERN_WEB-tests/windows-1253-greek/culturax_mC4_103811.txt-windows-1253-EncodingEra.MODERN_WEB]
[gw4] [ 96%] PASSED test.py::test_encoding_detection_all[EncodingEra.MODERN_WEB-tests/shift_jis-japanese/do.beginnersrack.com.xml-shift_jis-EncodingEra.MODERN_WEB] test.py::test_encoding_detection_all[EncodingEra.MODERN_WEB-tests/shift_jis-japanese/dogsinn.jp.xml-shift_jis-EncodingEra.MODERN_WEB]
[gw7] [ 96%] PASSED test.py::test_encoding_detection_all[EncodingEra.MODERN_WEB-tests/windows-1252-swedish/culturax_mC4_96485.txt-windows-1252-EncodingEra.MODERN_WEB] test.py::test_encoding_detection_all[EncodingEra.MODERN_WEB-tests/windows-1252-swedish/culturax_mC4_96486.txt-windows-1252-EncodingEra.MODERN_WEB]
[gw1] [ 96%] PASSED test.py::test_encoding_detection_all[EncodingEra.MODERN_WEB-tests/windows-1253-greek/culturax_mC4_103811.txt-windows-1253-EncodingEra.MODERN_WEB] test.py::test_encoding_detection_all[EncodingEra.MODERN_WEB-tests/windows-1254-turkish/_ude_1.txt-windows-1254-EncodingEra.MODERN_WEB]
[gw2] [ 96%] PASSED test.py::test_encoding_detection_all[EncodingEra.MODERN_WEB-tests/windows-1252-welsh/culturax_mC4_78729.txt-windows-1252-EncodingEra.MODERN_WEB] test.py::test_encoding_detection_all[EncodingEra.MODERN_WEB-tests/windows-1255-hebrew/_chromium_windows-1255_with_no_encoding_specified.html-windows-1255-EncodingEra.MODERN_WEB]
[gw2] [ 96%] PASSED test.py::test_encoding_detection_all[EncodingEra.MODERN_WEB-tests/windows-1255-hebrew/_chromium_windows-1255_with_no_encoding_specified.html-windows-1255-EncodingEra.MODERN_WEB] test.py::test_encoding_detection_all[EncodingEra.MODERN_WEB-tests/windows-1255-hebrew/carshops.co.il.xml-windows-1255-EncodingEra.MODERN_WEB]
[gw7] [ 96%] PASSED test.py::test_encoding_detection_all[EncodingEra.MODERN_WEB-tests/windows-1252-swedish/culturax_mC4_96486.txt-windows-1252-EncodingEra.MODERN_WEB] test.py::test_encoding_detection_all[EncodingEra.MODERN_WEB-tests/windows-1255-hebrew/culturax_OSCAR-2301_58267.txt-windows-1255-EncodingEra.MODERN_WEB]
[gw1] [ 96%] PASSED test.py::test_encoding_detection_all[EncodingEra.MODERN_WEB-tests/windows-1254-turkish/_ude_1.txt-windows-1254-EncodingEra.MODERN_WEB] test.py::test_encoding_detection_all[EncodingEra.MODERN_WEB-tests/windows-1255-hebrew/neviim.net.xml-windows-1255-EncodingEra.MODERN_WEB]
[gw7] [ 96%] PASSED test.py::test_encoding_detection_all[EncodingEra.MODERN_WEB-tests/windows-1255-hebrew/culturax_OSCAR-2301_58267.txt-windows-1255-EncodingEra.MODERN_WEB] test.py::test_encoding_detection_all[EncodingEra.MODERN_WEB-tests/windows-1255-hebrew/culturax_OSCAR-2301_58268.txt-windows-1255-EncodingEra.MODERN_WEB]
[gw5] [ 96%] PASSED test.py::test_encoding_detection_all[EncodingEra.MODERN_WEB-tests/windows-1251-russian/janulalife.blogspot.com.xml-windows-1251-EncodingEra.MODERN_WEB]
[gw1] [ 96%] PASSED test.py::test_encoding_detection_all[EncodingEra.MODERN_WEB-tests/windows-1255-hebrew/neviim.net.xml-windows-1255-EncodingEra.MODERN_WEB] test.py::test_encoding_detection_all[EncodingEra.MODERN_WEB-tests/windows-1251-russian/kapranoff.ru.xml-windows-1251-EncodingEra.MODERN_WEB] test.py::test_encoding_detection_all[EncodingEra.MODERN_WEB-tests/windows-1255-hebrew/notes.co.il.6.xml-windows-1255-EncodingEra.MODERN_WEB]
[gw3] [ 96%] FAILED test.py::test_encoding_detection_all[EncodingEra.MODERN_WEB-tests/windows-1252-english/anzeige-value-stars.html-windows-1252-EncodingEra.MODERN_WEB]
[gw7] [ 96%] PASSED test.py::test_encoding_detection_all[EncodingEra.MODERN_WEB-tests/windows-1255-hebrew/culturax_OSCAR-2301_58268.txt-windows-1255-EncodingEra.MODERN_WEB] test.py::test_encoding_detection_all[EncodingEra.MODERN_WEB-tests/windows-1252-english/culturax_mC4_84511.txt-windows-1252-EncodingEra.MODERN_WEB]
[gw4] [ 96%] PASSED test.py::test_encoding_detection_all[EncodingEra.MODERN_WEB-tests/shift_jis-japanese/dogsinn.jp.xml-shift_jis-EncodingEra.MODERN_WEB] test.py::test_encoding_detection_all[EncodingEra.MODERN_WEB-tests/utf-16-hungarian/culturax_mC4_82418.txt-utf-16-EncodingEra.MODERN_WEB]
[gw3] [ 96%] PASSED test.py::test_encoding_detection_all[EncodingEra.MODERN_WEB-tests/windows-1252-english/culturax_mC4_84511.txt-windows-1252-EncodingEra.MODERN_WEB] test.py::test_encoding_detection_all[EncodingEra.MODERN_WEB-tests/windows-1255-hebrew/hydepark.hevre.co.il.7957.xml-windows-1255-EncodingEra.MODERN_WEB]
[gw4] [ 96%] PASSED test.py::test_encoding_detection_all[EncodingEra.MODERN_WEB-tests/utf-16-hungarian/culturax_mC4_82418.txt-utf-16-EncodingEra.MODERN_WEB] test.py::test_encoding_detection_all[EncodingEra.MODERN_WEB-tests/windows-1256-arabic/culturax_mC4_98641.txt-windows-1256-EncodingEra.MODERN_WEB] test.py::test_encoding_detection_all[EncodingEra.MODERN_WEB-tests/utf-16-icelandic/culturax_mC4_77487.txt-utf-16-EncodingEra.MODERN_WEB]
[gw4] [ 96%] PASSED test.py::test_encoding_detection_all[EncodingEra.MODERN_WEB-tests/utf-16-icelandic/culturax_mC4_77487.txt-utf-16-EncodingEra.MODERN_WEB] test.py::test_encoding_detection_all[EncodingEra.MODERN_WEB-tests/utf-16-icelandic/culturax_mC4_77488.txt-utf-16-EncodingEra.MODERN_WEB]
[gw4] [ 96%] PASSED test.py::test_encoding_detection_all[EncodingEra.MODERN_WEB-tests/utf-16-icelandic/culturax_mC4_77488.txt-utf-16-EncodingEra.MODERN_WEB] test.py::test_encoding_detection_all[EncodingEra.MODERN_WEB-tests/utf-16-icelandic/culturax_mC4_77489.txt-utf-16-EncodingEra.MODERN_WEB]
[gw4] [ 96%] PASSED test.py::test_encoding_detection_all[EncodingEra.MODERN_WEB-tests/utf-16-icelandic/culturax_mC4_77489.txt-utf-16-EncodingEra.MODERN_WEB] test.py::test_encoding_detection_all[EncodingEra.MODERN_WEB-tests/utf-16-indonesian/culturax_mC4_114889.txt-utf-16-EncodingEra.MODERN_WEB]
[gw4] [ 96%] PASSED test.py::test_encoding_detection_all[EncodingEra.MODERN_WEB-tests/utf-16-indonesian/culturax_mC4_114889.txt-utf-16-EncodingEra.MODERN_WEB] test.py::test_encoding_detection_all[EncodingEra.MODERN_WEB-tests/utf-16-indonesian/culturax_mC4_114890.txt-utf-16-EncodingEra.MODERN_WEB]
[gw4] [ 96%] PASSED test.py::test_encoding_detection_all[EncodingEra.MODERN_WEB-tests/utf-16-indonesian/culturax_mC4_114890.txt-utf-16-EncodingEra.MODERN_WEB] test.py::test_encoding_detection_all[EncodingEra.MODERN_WEB-tests/utf-16-indonesian/culturax_mC4_114892.txt-utf-16-EncodingEra.MODERN_WEB]
[gw4] [ 96%] PASSED test.py::test_encoding_detection_all[EncodingEra.MODERN_WEB-tests/utf-16-indonesian/culturax_mC4_114892.txt-utf-16-EncodingEra.MODERN_WEB] test.py::test_encoding_detection_all[EncodingEra.MODERN_WEB-tests/utf-16-irish/culturax_mC4_63468.txt-utf-16-EncodingEra.MODERN_WEB]
[gw4] [ 96%] PASSED test.py::test_encoding_detection_all[EncodingEra.MODERN_WEB-tests/utf-16-irish/culturax_mC4_63468.txt-utf-16-EncodingEra.MODERN_WEB] test.py::test_encoding_detection_all[EncodingEra.MODERN_WEB-tests/utf-16-irish/culturax_mC4_63469.txt-utf-16-EncodingEra.MODERN_WEB]
[gw4] [ 96%] PASSED test.py::test_encoding_detection_all[EncodingEra.MODERN_WEB-tests/utf-16-irish/culturax_mC4_63469.txt-utf-16-EncodingEra.MODERN_WEB] test.py::test_encoding_detection_all[EncodingEra.MODERN_WEB-tests/utf-16-irish/culturax_mC4_63470.txt-utf-16-EncodingEra.MODERN_WEB]
[gw4] [ 96%] PASSED test.py::test_encoding_detection_all[EncodingEra.MODERN_WEB-tests/utf-16-irish/culturax_mC4_63470.txt-utf-16-EncodingEra.MODERN_WEB] test.py::test_encoding_detection_all[EncodingEra.MODERN_WEB-tests/utf-16-italian/culturax_mC4_92388.txt-utf-16-EncodingEra.MODERN_WEB]
[gw4] [ 96%] PASSED test.py::test_encoding_detection_all[EncodingEra.MODERN_WEB-tests/utf-16-italian/culturax_mC4_92388.txt-utf-16-EncodingEra.MODERN_WEB] test.py::test_encoding_detection_all[EncodingEra.MODERN_WEB-tests/utf-16-italian/culturax_mC4_92390.txt-utf-16-EncodingEra.MODERN_WEB]
[gw4] [ 96%] PASSED test.py::test_encoding_detection_all[EncodingEra.MODERN_WEB-tests/utf-16-italian/culturax_mC4_92390.txt-utf-16-EncodingEra.MODERN_WEB] test.py::test_encoding_detection_all[EncodingEra.MODERN_WEB-tests/utf-16-italian/culturax_mC4_92391.txt-utf-16-EncodingEra.MODERN_WEB]
[gw4] [ 96%] PASSED test.py::test_encoding_detection_all[EncodingEra.MODERN_WEB-tests/utf-16-italian/culturax_mC4_92391.txt-utf-16-EncodingEra.MODERN_WEB] test.py::test_encoding_detection_all[EncodingEra.MODERN_WEB-tests/utf-16-japanese/culturax_OSCAR-2301_6.txt-utf-16-EncodingEra.MODERN_WEB]
[gw4] [ 96%] PASSED test.py::test_encoding_detection_all[EncodingEra.MODERN_WEB-tests/utf-16-japanese/culturax_OSCAR-2301_6.txt-utf-16-EncodingEra.MODERN_WEB]
[gw3] [ 96%] PASSED test.py::test_encoding_detection_all[EncodingEra.MODERN_WEB-tests/windows-1256-arabic/culturax_mC4_98641.txt-windows-1256-EncodingEra.MODERN_WEB] test.py::test_encoding_detection_all[EncodingEra.MODERN_WEB-tests/utf-16-japanese/culturax_mC4_4.txt-utf-16-EncodingEra.MODERN_WEB] test.py::test_encoding_detection_all[EncodingEra.MODERN_WEB-tests/windows-1257-estonian/_ude_1.txt-windows-1257-EncodingEra.MODERN_WEB]
[gw4] [ 96%] PASSED test.py::test_encoding_detection_all[EncodingEra.MODERN_WEB-tests/utf-16-japanese/culturax_mC4_4.txt-utf-16-EncodingEra.MODERN_WEB] test.py::test_encoding_detection_all[EncodingEra.MODERN_WEB-tests/utf-16-japanese/culturax_mC4_5.txt-utf-16-EncodingEra.MODERN_WEB]
[gw4] [ 96%] PASSED test.py::test_encoding_detection_all[EncodingEra.MODERN_WEB-tests/utf-16-japanese/culturax_mC4_5.txt-utf-16-EncodingEra.MODERN_WEB] test.py::test_encoding_detection_all[EncodingEra.MODERN_WEB-tests/utf-16-kazakh/culturax_mC4_73160.txt-utf-16-EncodingEra.MODERN_WEB]
[gw4] [ 96%] PASSED test.py::test_encoding_detection_all[EncodingEra.MODERN_WEB-tests/utf-16-kazakh/culturax_mC4_73160.txt-utf-16-EncodingEra.MODERN_WEB] test.py::test_encoding_detection_all[EncodingEra.MODERN_WEB-tests/utf-16-kazakh/culturax_mC4_73161.txt-utf-16-EncodingEra.MODERN_WEB]
[gw4] [ 96%] PASSED test.py::test_encoding_detection_all[EncodingEra.MODERN_WEB-tests/utf-16-kazakh/culturax_mC4_73161.txt-utf-16-EncodingEra.MODERN_WEB] test.py::test_encoding_detection_all[EncodingEra.MODERN_WEB-tests/utf-16-kazakh/culturax_mC4_73162.txt-utf-16-EncodingEra.MODERN_WEB]
[gw4] [ 96%] PASSED test.py::test_encoding_detection_all[EncodingEra.MODERN_WEB-tests/utf-16-kazakh/culturax_mC4_73162.txt-utf-16-EncodingEra.MODERN_WEB] test.py::test_encoding_detection_all[EncodingEra.MODERN_WEB-tests/utf-16-korean/culturax_mC4_0.txt-utf-16-EncodingEra.MODERN_WEB]
[gw4] [ 96%] PASSED test.py::test_encoding_detection_all[EncodingEra.MODERN_WEB-tests/utf-16-korean/culturax_mC4_0.txt-utf-16-EncodingEra.MODERN_WEB] test.py::test_encoding_detection_all[EncodingEra.MODERN_WEB-tests/utf-16-korean/culturax_mC4_1.txt-utf-16-EncodingEra.MODERN_WEB]
[gw4] [ 96%] PASSED test.py::test_encoding_detection_all[EncodingEra.MODERN_WEB-tests/utf-16-korean/culturax_mC4_1.txt-utf-16-EncodingEra.MODERN_WEB] test.py::test_encoding_detection_all[EncodingEra.MODERN_WEB-tests/utf-16-korean/culturax_mC4_2.txt-utf-16-EncodingEra.MODERN_WEB]
[gw4] [ 97%] PASSED test.py::test_encoding_detection_all[EncodingEra.MODERN_WEB-tests/utf-16-korean/culturax_mC4_2.txt-utf-16-EncodingEra.MODERN_WEB] test.py::test_encoding_detection_all[EncodingEra.MODERN_WEB-tests/utf-16-latvian/culturax_mC4_71628.txt-utf-16-EncodingEra.MODERN_WEB]
[gw4] [ 97%] PASSED test.py::test_encoding_detection_all[EncodingEra.MODERN_WEB-tests/utf-16-latvian/culturax_mC4_71628.txt-utf-16-EncodingEra.MODERN_WEB] test.py::test_encoding_detection_all[EncodingEra.MODERN_WEB-tests/utf-16-latvian/culturax_mC4_71629.txt-utf-16-EncodingEra.MODERN_WEB]
[gw4] [ 97%] PASSED test.py::test_encoding_detection_all[EncodingEra.MODERN_WEB-tests/utf-16-latvian/culturax_mC4_71629.txt-utf-16-EncodingEra.MODERN_WEB] test.py::test_encoding_detection_all[EncodingEra.MODERN_WEB-tests/utf-16-latvian/culturax_mC4_71630.txt-utf-16-EncodingEra.MODERN_WEB]
[gw4] [ 97%] PASSED test.py::test_encoding_detection_all[EncodingEra.MODERN_WEB-tests/utf-16-latvian/culturax_mC4_71630.txt-utf-16-EncodingEra.MODERN_WEB] test.py::test_encoding_detection_all[EncodingEra.MODERN_WEB-tests/utf-16-lithuanian/culturax_mC4_73445.txt-utf-16-EncodingEra.MODERN_WEB]
[gw4] [ 97%] PASSED test.py::test_encoding_detection_all[EncodingEra.MODERN_WEB-tests/utf-16-lithuanian/culturax_mC4_73445.txt-utf-16-EncodingEra.MODERN_WEB] test.py::test_encoding_detection_all[EncodingEra.MODERN_WEB-tests/utf-16-lithuanian/culturax_mC4_73446.txt-utf-16-EncodingEra.MODERN_WEB]
[gw4] [ 97%] PASSED test.py::test_encoding_detection_all[EncodingEra.MODERN_WEB-tests/utf-16-lithuanian/culturax_mC4_73446.txt-utf-16-EncodingEra.MODERN_WEB] test.py::test_encoding_detection_all[EncodingEra.MODERN_WEB-tests/utf-16-lithuanian/culturax_mC4_73447.txt-utf-16-EncodingEra.MODERN_WEB]
[gw4] [ 97%] PASSED test.py::test_encoding_detection_all[EncodingEra.MODERN_WEB-tests/utf-16-lithuanian/culturax_mC4_73447.txt-utf-16-EncodingEra.MODERN_WEB] test.py::test_encoding_detection_all[EncodingEra.MODERN_WEB-tests/utf-16-macedonian/culturax_mC4_102724.txt-utf-16-EncodingEra.MODERN_WEB]
[gw4] [ 97%] PASSED test.py::test_encoding_detection_all[EncodingEra.MODERN_WEB-tests/utf-16-macedonian/culturax_mC4_102724.txt-utf-16-EncodingEra.MODERN_WEB] test.py::test_encoding_detection_all[EncodingEra.MODERN_WEB-tests/utf-16-macedonian/culturax_mC4_102726.txt-utf-16-EncodingEra.MODERN_WEB]
[gw4] [ 97%] PASSED test.py::test_encoding_detection_all[EncodingEra.MODERN_WEB-tests/utf-16-macedonian/culturax_mC4_102726.txt-utf-16-EncodingEra.MODERN_WEB] test.py::test_encoding_detection_all[EncodingEra.MODERN_WEB-tests/utf-16-macedonian/culturax_mC4_102727.txt-utf-16-EncodingEra.MODERN_WEB]
[gw4] [ 97%] PASSED test.py::test_encoding_detection_all[EncodingEra.MODERN_WEB-tests/utf-16-macedonian/culturax_mC4_102727.txt-utf-16-EncodingEra.MODERN_WEB] test.py::test_encoding_detection_all[EncodingEra.MODERN_WEB-tests/utf-16-maltese/culturax_mC4_51488.txt-utf-16-EncodingEra.MODERN_WEB]
[gw4] [ 97%] PASSED test.py::test_encoding_detection_all[EncodingEra.MODERN_WEB-tests/utf-16-maltese/culturax_mC4_51488.txt-utf-16-EncodingEra.MODERN_WEB] test.py::test_encoding_detection_all[EncodingEra.MODERN_WEB-tests/utf-16-maltese/culturax_mC4_51489.txt-utf-16-EncodingEra.MODERN_WEB]
[gw4] [ 97%] PASSED test.py::test_encoding_detection_all[EncodingEra.MODERN_WEB-tests/utf-16-maltese/culturax_mC4_51489.txt-utf-16-EncodingEra.MODERN_WEB] test.py::test_encoding_detection_all[EncodingEra.MODERN_WEB-tests/utf-16-maltese/culturax_mC4_51490.txt-utf-16-EncodingEra.MODERN_WEB]
[gw3] [ 97%] PASSED test.py::test_encoding_detection_all[EncodingEra.MODERN_WEB-tests/windows-1257-estonian/_ude_1.txt-windows-1257-EncodingEra.MODERN_WEB] test.py::test_encoding_detection_all[EncodingEra.MODERN_WEB-tests/windows-1257-estonian/culturax_mC4_66822.txt-windows-1257-EncodingEra.MODERN_WEB]
[gw4] [ 97%] PASSED test.py::test_encoding_detection_all[EncodingEra.MODERN_WEB-tests/utf-16-maltese/culturax_mC4_51490.txt-utf-16-EncodingEra.MODERN_WEB] test.py::test_encoding_detection_all[EncodingEra.MODERN_WEB-tests/utf-16-norwegian/culturax_mC4_66762.txt-utf-16-EncodingEra.MODERN_WEB]
[gw4] [ 97%] PASSED test.py::test_encoding_detection_all[EncodingEra.MODERN_WEB-tests/utf-16-norwegian/culturax_mC4_66762.txt-utf-16-EncodingEra.MODERN_WEB] test.py::test_encoding_detection_all[EncodingEra.MODERN_WEB-tests/utf-16-norwegian/culturax_mC4_66763.txt-utf-16-EncodingEra.MODERN_WEB]
[gw4] [ 97%] PASSED test.py::test_encoding_detection_all[EncodingEra.MODERN_WEB-tests/utf-16-norwegian/culturax_mC4_66763.txt-utf-16-EncodingEra.MODERN_WEB] test.py::test_encoding_detection_all[EncodingEra.MODERN_WEB-tests/utf-16-norwegian/culturax_mC4_66764.txt-utf-16-EncodingEra.MODERN_WEB]
[gw4] [ 97%] PASSED test.py::test_encoding_detection_all[EncodingEra.MODERN_WEB-tests/utf-16-norwegian/culturax_mC4_66764.txt-utf-16-EncodingEra.MODERN_WEB] test.py::test_encoding_detection_all[EncodingEra.MODERN_WEB-tests/utf-16-polish/culturax_OSCAR-2019_97062.txt-utf-16-EncodingEra.MODERN_WEB]
[gw4] [ 97%] PASSED test.py::test_encoding_detection_all[EncodingEra.MODERN_WEB-tests/utf-16-polish/culturax_OSCAR-2019_97062.txt-utf-16-EncodingEra.MODERN_WEB] test.py::test_encoding_detection_all[EncodingEra.MODERN_WEB-tests/windows-1257-latvian/culturax_mC4_71629.txt-windows-1257-EncodingEra.MODERN_WEB]
[gw5] [ 97%] PASSED test.py::test_encoding_detection_all[EncodingEra.MODERN_WEB-tests/windows-1251-russian/kapranoff.ru.xml-windows-1251-EncodingEra.MODERN_WEB] test.py::test_encoding_detection_all[EncodingEra.MODERN_WEB-tests/windows-1256-arabic/_ude_1.txt-windows-1256-EncodingEra.MODERN_WEB]
[gw6] [ 97%] PASSED test.py::test_encoding_detection_all[EncodingEra.MODERN_WEB-tests/windows-1251-russian/forum.template-toolkit.ru.1.xml-windows-1251-EncodingEra.MODERN_WEB] test.py::test_encoding_detection_all[EncodingEra.MODERN_WEB-tests/windows-1254-turkish/culturax_mC4_107848.txt-windows-1254-EncodingEra.MODERN_WEB]
[gw4] [ 97%] PASSED test.py::test_encoding_detection_all[EncodingEra.MODERN_WEB-tests/windows-1257-latvian/culturax_mC4_71629.txt-windows-1257-EncodingEra.MODERN_WEB] test.py::test_encoding_detection_all[EncodingEra.MODERN_WEB-tests/windows-1257-latvian/culturax_mC4_71630.txt-windows-1257-EncodingEra.MODERN_WEB]
[gw4] [ 97%] PASSED test.py::test_encoding_detection_all[EncodingEra.MODERN_WEB-tests/windows-1257-latvian/culturax_mC4_71630.txt-windows-1257-EncodingEra.MODERN_WEB] test.py::test_encoding_detection_all[EncodingEra.MODERN_WEB-tests/windows-1257-lithuanian/culturax_mC4_73445.txt-windows-1257-EncodingEra.MODERN_WEB]
[gw6] [ 97%] PASSED test.py::test_encoding_detection_all[EncodingEra.MODERN_WEB-tests/windows-1254-turkish/culturax_mC4_107848.txt-windows-1254-EncodingEra.MODERN_WEB] test.py::test_encoding_detection_all[EncodingEra.MODERN_WEB-tests/windows-1254-turkish/culturax_mC4_107849.txt-windows-1254-EncodingEra.MODERN_WEB]
[gw5] [ 97%] PASSED test.py::test_encoding_detection_all[EncodingEra.MODERN_WEB-tests/windows-1256-arabic/_ude_1.txt-windows-1256-EncodingEra.MODERN_WEB] test.py::test_encoding_detection_all[EncodingEra.MODERN_WEB-tests/windows-1256-arabic/culturax_OSCAR-2109_98639.txt-windows-1256-EncodingEra.MODERN_WEB]
[gw6] [ 97%] PASSED test.py::test_encoding_detection_all[EncodingEra.MODERN_WEB-tests/windows-1254-turkish/culturax_mC4_107849.txt-windows-1254-EncodingEra.MODERN_WEB] test.py::test_encoding_detection_all[EncodingEra.MODERN_WEB-tests/windows-1254-turkish/culturax_mC4_107851.txt-windows-1254-EncodingEra.MODERN_WEB]
[gw3] [ 97%] PASSED test.py::test_encoding_detection_all[EncodingEra.MODERN_WEB-tests/windows-1257-estonian/culturax_mC4_66822.txt-windows-1257-EncodingEra.MODERN_WEB] test.py::test_encoding_detection_all[EncodingEra.MODERN_WEB-tests/windows-1257-latvian/culturax_mC4_71628.txt-windows-1257-EncodingEra.MODERN_WEB]
[gw1] [ 97%] PASSED test.py::test_encoding_detection_all[EncodingEra.MODERN_WEB-tests/windows-1255-hebrew/notes.co.il.6.xml-windows-1255-EncodingEra.MODERN_WEB] test.py::test_encoding_detection_all[EncodingEra.MODERN_WEB-tests/windows-1255-hebrew/whatsup.org.il.xml-windows-1255-EncodingEra.MODERN_WEB]
[gw4] [ 97%] PASSED test.py::test_encoding_detection_all[EncodingEra.MODERN_WEB-tests/windows-1257-lithuanian/culturax_mC4_73445.txt-windows-1257-EncodingEra.MODERN_WEB] test.py::test_encoding_detection_all[EncodingEra.MODERN_WEB-tests/windows-1257-lithuanian/culturax_mC4_73446.txt-windows-1257-EncodingEra.MODERN_WEB]
[gw5] [ 97%] PASSED test.py::test_encoding_detection_all[EncodingEra.MODERN_WEB-tests/windows-1256-arabic/culturax_OSCAR-2109_98639.txt-windows-1256-EncodingEra.MODERN_WEB] test.py::test_encoding_detection_all[EncodingEra.MODERN_WEB-tests/windows-1256-arabic/culturax_mC4_98635.txt-windows-1256-EncodingEra.MODERN_WEB]
[gw6] [ 97%] PASSED test.py::test_encoding_detection_all[EncodingEra.MODERN_WEB-tests/windows-1254-turkish/culturax_mC4_107851.txt-windows-1254-EncodingEra.MODERN_WEB] test.py::test_encoding_detection_all[EncodingEra.MODERN_WEB-tests/windows-1257-lithuanian/culturax_mC4_73447.txt-windows-1257-EncodingEra.MODERN_WEB]
[gw5] [ 97%] PASSED test.py::test_encoding_detection_all[EncodingEra.MODERN_WEB-tests/windows-1256-arabic/culturax_mC4_98635.txt-windows-1256-EncodingEra.MODERN_WEB]
[gw3] [ 97%] PASSED test.py::test_encoding_detection_all[EncodingEra.MODERN_WEB-tests/windows-1257-latvian/culturax_mC4_71628.txt-windows-1257-EncodingEra.MODERN_WEB] test.py::test_encoding_detection_all[EncodingEra.MODERN_WEB-tests/windows-1258-vietnamese/culturax_OSCAR-2019_85698.txt-windows-1258-EncodingEra.MODERN_WEB] test.py::test_coding_state_machine_valid_characters[Big5]
[gw4] [ 97%] PASSED test.py::test_encoding_detection_all[EncodingEra.MODERN_WEB-tests/windows-1257-lithuanian/culturax_mC4_73446.txt-windows-1257-EncodingEra.MODERN_WEB] test.py::test_encoding_detection_all[EncodingEra.MODERN_WEB-tests/windows-1258-vietnamese/culturax_mC4_85696.txt-windows-1258-EncodingEra.MODERN_WEB]
[gw3] [ 97%] PASSED test.py::test_encoding_detection_all[EncodingEra.MODERN_WEB-tests/windows-1258-vietnamese/culturax_OSCAR-2019_85698.txt-windows-1258-EncodingEra.MODERN_WEB] test.py::test_encoding_detection_all[EncodingEra.MODERN_WEB-tests/windows-1258-vietnamese/culturax_OSCAR-2109_85695.txt-windows-1258-EncodingEra.MODERN_WEB]
[gw3] [ 97%] PASSED test.py::test_encoding_detection_all[EncodingEra.MODERN_WEB-tests/windows-1258-vietnamese/culturax_OSCAR-2109_85695.txt-windows-1258-EncodingEra.MODERN_WEB] test.py::test_coding_state_machine_valid_characters[EUC-KR]
[gw6] [ 97%] PASSED test.py::test_encoding_detection_all[EncodingEra.MODERN_WEB-tests/windows-1257-lithuanian/culturax_mC4_73447.txt-windows-1257-EncodingEra.MODERN_WEB] test.py::test_encoding_detection_all[EncodingEra.MODERN_WEB-tests/windows-1258-vietnamese/_ude_2.txt-windows-1258-EncodingEra.MODERN_WEB]
[gw4] [ 97%] PASSED test.py::test_encoding_detection_all[EncodingEra.MODERN_WEB-tests/windows-1258-vietnamese/culturax_mC4_85696.txt-windows-1258-EncodingEra.MODERN_WEB]
[gw6] [ 97%] PASSED test.py::test_encoding_detection_all[EncodingEra.MODERN_WEB-tests/windows-1258-vietnamese/_ude_2.txt-windows-1258-EncodingEra.MODERN_WEB] test.py::test_coding_state_machine_valid_characters[EUC-JP] test.py::test_coding_state_machine_valid_characters[GB18030]
[gw1] [ 97%] PASSED test.py::test_encoding_detection_all[EncodingEra.MODERN_WEB-tests/windows-1255-hebrew/whatsup.org.il.xml-windows-1255-EncodingEra.MODERN_WEB] test.py::test_encoding_detection_all[EncodingEra.MODERN_WEB-tests/windows-1258-vietnamese/culturax_mC4_85693.txt-windows-1258-EncodingEra.MODERN_WEB]
[gw1] [ 97%] PASSED test.py::test_encoding_detection_all[EncodingEra.MODERN_WEB-tests/windows-1258-vietnamese/culturax_mC4_85693.txt-windows-1258-EncodingEra.MODERN_WEB] test.py::test_coding_state_machine_valid_characters[HZ-GB-2312]
[gw5] [ 97%] PASSED test.py::test_coding_state_machine_valid_characters[Big5] test.py::test_coding_state_machine_valid_characters[CP949]
[gw3] [ 97%] PASSED test.py::test_coding_state_machine_valid_characters[EUC-KR] test.py::test_coding_state_machine_valid_characters[Johab]
[gw4] [ 97%] PASSED test.py::test_coding_state_machine_valid_characters[EUC-JP] test.py::test_coding_state_machine_valid_characters[Shift_JIS]
[gw1] [ 97%] PASSED test.py::test_coding_state_machine_valid_characters[HZ-GB-2312] test.py::test_coding_state_machine_valid_characters[ISO-2022-JP]
[gw0] [ 98%] FAILED test.py::test_encoding_detection_all[EncodingEra.ALL-tests/windows-1251-russian/janulalife.blogspot.com.xml-windows-1251-EncodingEra.MODERN_WEB] test.py::test_encoding_detection_all[EncodingEra.ALL-tests/windows-1251-russian/kapranoff.ru.xml-windows-1251-EncodingEra.MODERN_WEB]
[gw5] [ 98%] PASSED test.py::test_coding_state_machine_valid_characters[CP949] test.py::test_coding_state_machine_valid_characters[ISO-2022-KR]
[gw4] [ 98%] PASSED test.py::test_coding_state_machine_valid_characters[Shift_JIS] test.py::test_coding_state_machine_invalid_sequences[UTF-8-Invalid start byte 0xFF]
[gw4] [ 98%] PASSED test.py::test_coding_state_machine_invalid_sequences[UTF-8-Invalid start byte 0xFF] test.py::test_coding_state_machine_invalid_sequences[UTF-8-Incomplete 3-byte sequence]
[gw4] [ 98%] PASSED test.py::test_coding_state_machine_invalid_sequences[UTF-8-Incomplete 3-byte sequence] test.py::test_coding_state_machine_invalid_sequences[UTF-8-Incomplete 4-byte sequence]
[gw4] [ 98%] PASSED test.py::test_coding_state_machine_invalid_sequences[UTF-8-Incomplete 4-byte sequence] test.py::test_coding_state_machine_invalid_sequences[UTF-8-Invalid continuation byte]
[gw4] [ 98%] PASSED test.py::test_coding_state_machine_invalid_sequences[UTF-8-Invalid continuation byte]
[gw3] [ 98%] PASSED test.py::test_coding_state_machine_valid_characters[Johab] test.py::test_coding_state_machine_invalid_sequences[UTF-8-Overlong encoding of NULL] test.py::test_coding_state_machine_invalid_sequences[EUC-JP-Incomplete 2-byte sequence]
[gw3] [ 98%] PASSED test.py::test_coding_state_machine_invalid_sequences[UTF-8-Overlong encoding of NULL]
[gw4] [ 98%] PASSED test.py::test_coding_state_machine_invalid_sequences[EUC-JP-Incomplete 2-byte sequence] test.py::test_coding_state_machine_invalid_sequences[GB18030-Incomplete 2-byte sequence] test.py::test_coding_state_machine_invalid_sequences[EUC-KR-Incomplete 2-byte sequence]
[gw3] [ 98%] PASSED test.py::test_coding_state_machine_invalid_sequences[GB18030-Incomplete 2-byte sequence]
[gw4] [ 98%] PASSED test.py::test_coding_state_machine_invalid_sequences[EUC-KR-Incomplete 2-byte sequence] test.py::test_coding_state_machine_invalid_sequences[Shift_JIS-Incomplete 2-byte sequence] test.py::test_coding_state_machine_invalid_sequences[Big5-Incomplete 2-byte sequence]
[gw3] [ 98%] PASSED test.py::test_coding_state_machine_invalid_sequences[Shift_JIS-Incomplete 2-byte sequence]
[gw4] [ 98%] PASSED test.py::test_coding_state_machine_invalid_sequences[Big5-Incomplete 2-byte sequence] test.py::test_coding_state_machine_invalid_sequences[CP949-Incomplete 2-byte sequence] test.py::test_coding_state_machine_invalid_sequences[Johab-Incomplete 2-byte sequence]
[gw3] [ 98%] PASSED test.py::test_coding_state_machine_invalid_sequences[CP949-Incomplete 2-byte sequence]
[gw4] [ 98%] PASSED test.py::test_coding_state_machine_invalid_sequences[Johab-Incomplete 2-byte sequence] test.py::test_coding_state_machine_rejects_all_invalid_sequences[GB18030] test.py::test_coding_state_machine_rejects_all_invalid_sequences[UTF-8]
[gw2] [ 98%] FAILED test.py::test_encoding_detection_all[EncodingEra.MODERN_WEB-tests/windows-1255-hebrew/carshops.co.il.xml-windows-1255-EncodingEra.MODERN_WEB] test.py::test_encoding_detection_all[EncodingEra.MODERN_WEB-tests/windows-1255-hebrew/culturax_OSCAR-2301_58265.txt-windows-1255-EncodingEra.MODERN_WEB]
[gw3] [ 98%] PASSED test.py::test_coding_state_machine_rejects_all_invalid_sequences[GB18030] test.py::test_coding_state_machine_transitions[Big5]
[gw3] [ 98%] PASSED test.py::test_coding_state_machine_transitions[Big5] test.py::test_coding_state_machine_transitions[EUC-KR]
[gw3] [ 98%] PASSED test.py::test_coding_state_machine_transitions[EUC-KR] test.py::test_coding_state_machine_transitions[Johab]
[gw3] [ 98%] PASSED test.py::test_coding_state_machine_transitions[Johab] test.py::test_coding_state_machine_transitions[GB18030]
[gw3] [ 98%] PASSED test.py::test_coding_state_machine_transitions[GB18030] test.py::test_coding_state_machine_transitions[Shift_JIS]
[gw2] [ 98%] PASSED test.py::test_encoding_detection_all[EncodingEra.MODERN_WEB-tests/windows-1255-hebrew/culturax_OSCAR-2301_58265.txt-windows-1255-EncodingEra.MODERN_WEB]
[gw3] [ 98%] PASSED test.py::test_coding_state_machine_transitions[Shift_JIS] test.py::test_coding_state_machine_transitions[UTF-8] test.py::test_coding_state_machine_transitions[EUC-JP]
[gw3] [ 98%] PASSED test.py::test_coding_state_machine_transitions[UTF-8] test.py::test_coding_state_machine_transitions[HZ-GB-2312]
[gw2] [ 98%] PASSED test.py::test_coding_state_machine_transitions[EUC-JP]
[gw3] [ 98%] PASSED test.py::test_coding_state_machine_transitions[HZ-GB-2312] test.py::test_coding_state_machine_transitions[ISO-2022-JP] test.py::test_coding_state_machine_transitions[ISO-2022-KR]
[gw2] [ 98%] PASSED test.py::test_coding_state_machine_transitions[ISO-2022-JP]
[gw3] [ 98%] PASSED test.py::test_coding_state_machine_transitions[ISO-2022-KR] test.py::test_distribution_analysis_get_order_accepts_valid_characters[Big5Prober] test.py::test_distribution_analysis_get_order_accepts_valid_characters[EUCJPProber]
[gw1] [ 98%] PASSED test.py::test_coding_state_machine_valid_characters[ISO-2022-JP] test.py::test_coding_state_machine_invalid_sequences[UTF-8-Invalid start byte 0xFE]
[gw1] [ 98%] PASSED test.py::test_coding_state_machine_invalid_sequences[UTF-8-Invalid start byte 0xFE] test.py::test_never_returns_none_for_valid_encoding
[gw5] [ 98%] PASSED test.py::test_coding_state_machine_valid_characters[ISO-2022-KR] test.py::test_coding_state_machine_invalid_sequences[UTF-8-Incomplete 2-byte sequence]
[gw5] [ 98%] PASSED test.py::test_coding_state_machine_invalid_sequences[UTF-8-Incomplete 2-byte sequence] test.py::test_all_single_byte_encodings_have_probers
[gw5] [ 98%] PASSED test.py::test_all_single_byte_encodings_have_probers
[gw7] [ 98%] FAILED test.py::test_encoding_detection_all[EncodingEra.MODERN_WEB-tests/windows-1255-hebrew/hydepark.hevre.co.il.7957.xml-windows-1255-EncodingEra.MODERN_WEB] test.py::test_encoding_detection_all[EncodingEra.MODERN_WEB-tests/windows-1257-estonian/culturax_mC4_66818.txt-windows-1257-EncodingEra.MODERN_WEB]
[gw7] [ 98%] PASSED test.py::test_encoding_detection_all[EncodingEra.MODERN_WEB-tests/windows-1257-estonian/culturax_mC4_66818.txt-windows-1257-EncodingEra.MODERN_WEB] test.py::test_encoding_detection_all[EncodingEra.MODERN_WEB-tests/windows-1257-estonian/culturax_mC4_66820.txt-windows-1257-EncodingEra.MODERN_WEB]
[gw7] [ 98%] PASSED test.py::test_encoding_detection_all[EncodingEra.MODERN_WEB-tests/windows-1257-estonian/culturax_mC4_66820.txt-windows-1257-EncodingEra.MODERN_WEB]
[gw3] [ 98%] PASSED test.py::test_distribution_analysis_get_order_accepts_valid_characters[EUCJPProber] test.py::test_distribution_analysis_get_order_accepts_valid_characters[SJISProber]
[gw2] [ 98%] PASSED test.py::test_distribution_analysis_get_order_accepts_valid_characters[Big5Prober] test.py::test_distribution_analysis_get_order_accepts_valid_characters[EUCKRProber]
[gw0] [ 98%] PASSED test.py::test_encoding_detection_all[EncodingEra.ALL-tests/windows-1251-russian/kapranoff.ru.xml-windows-1251-EncodingEra.MODERN_WEB] test.py::test_encoding_detection_all[EncodingEra.ALL-tests/windows-1251-russian/money.rin.ru.xml-windows-1251-EncodingEra.MODERN_WEB]
[gw6] [ 98%] FAILED test.py::test_coding_state_machine_valid_characters[GB18030] test.py::test_coding_state_machine_valid_characters[UTF-8]
[gw2] [ 98%] PASSED test.py::test_distribution_analysis_get_order_accepts_valid_characters[EUCKRProber]
[gw4] [ 98%] PASSED test.py::test_coding_state_machine_rejects_all_invalid_sequences[UTF-8] test.py::test_coding_state_machine_transitions[CP949]
[gw4] [ 98%] PASSED test.py::test_coding_state_machine_transitions[CP949]
[gw3] [ 99%] PASSED test.py::test_distribution_analysis_get_order_accepts_valid_characters[SJISProber]
[gw6] [ 99%] PASSED test.py::test_coding_state_machine_valid_characters[UTF-8]
[gw0] [ 99%] PASSED test.py::test_encoding_detection_all[EncodingEra.ALL-tests/windows-1251-russian/money.rin.ru.xml-windows-1251-EncodingEra.MODERN_WEB] test.py::test_encoding_detection_all[EncodingEra.ALL-tests/windows-1251-russian/music.peeps.ru.xml-windows-1251-EncodingEra.MODERN_WEB]
[gw0] [ 99%] PASSED test.py::test_encoding_detection_all[EncodingEra.ALL-tests/windows-1251-russian/music.peeps.ru.xml-windows-1251-EncodingEra.MODERN_WEB] test.py::test_encoding_detection_all[EncodingEra.ALL-tests/windows-1251-russian/newsru.com.xml-windows-1251-EncodingEra.MODERN_WEB]
[gw1] [ 99%] FAILED test.py::test_never_returns_none_for_valid_encoding test.py::test_detect_all_and_detect_one_should_agree
[gw0] [ 99%] FAILED test.py::test_encoding_detection_all[EncodingEra.ALL-tests/windows-1251-russian/newsru.com.xml-windows-1251-EncodingEra.MODERN_WEB] test.py::test_encoding_detection_all[EncodingEra.ALL-tests/windows-1251-serbian/culturax_mC4_66920.txt-windows-1251-EncodingEra.MODERN_WEB]
[gw0] [ 99%] PASSED test.py::test_encoding_detection_all[EncodingEra.ALL-tests/windows-1251-serbian/culturax_mC4_66920.txt-windows-1251-EncodingEra.MODERN_WEB] test.py::test_encoding_detection_all[EncodingEra.ALL-tests/windows-1251-serbian/culturax_mC4_66921.txt-windows-1251-EncodingEra.MODERN_WEB]
[gw0] [ 99%] PASSED test.py::test_encoding_detection_all[EncodingEra.ALL-tests/windows-1251-serbian/culturax_mC4_66921.txt-windows-1251-EncodingEra.MODERN_WEB] test.py::test_encoding_detection_all[EncodingEra.ALL-tests/windows-1251-serbian/culturax_mC4_66923.txt-windows-1251-EncodingEra.MODERN_WEB]
[gw0] [ 99%] PASSED test.py::test_encoding_detection_all[EncodingEra.ALL-tests/windows-1251-serbian/culturax_mC4_66923.txt-windows-1251-EncodingEra.MODERN_WEB] test.py::test_encoding_detection_all[EncodingEra.ALL-tests/windows-1251-ukrainian/culturax_mC4_95019.txt-windows-1251-EncodingEra.MODERN_WEB]
[gw0] [ 99%] PASSED test.py::test_encoding_detection_all[EncodingEra.ALL-tests/windows-1251-ukrainian/culturax_mC4_95019.txt-windows-1251-EncodingEra.MODERN_WEB] test.py::test_encoding_detection_all[EncodingEra.ALL-tests/windows-1251-ukrainian/culturax_mC4_95020.txt-windows-1251-EncodingEra.MODERN_WEB]
[gw0] [ 99%] PASSED test.py::test_encoding_detection_all[EncodingEra.ALL-tests/windows-1251-ukrainian/culturax_mC4_95020.txt-windows-1251-EncodingEra.MODERN_WEB] test.py::test_encoding_detection_all[EncodingEra.ALL-tests/windows-1251-ukrainian/culturax_mC4_95021.txt-windows-1251-EncodingEra.MODERN_WEB]
[gw0] [ 99%] PASSED test.py::test_encoding_detection_all[EncodingEra.ALL-tests/windows-1251-ukrainian/culturax_mC4_95021.txt-windows-1251-EncodingEra.MODERN_WEB] test.py::test_encoding_detection_all[EncodingEra.ALL-tests/windows-1252-breton/culturax_OSCAR-2019_43764.txt-windows-1252-EncodingEra.MODERN_WEB]
[gw1] [ 99%] FAILED test.py::test_detect_all_and_detect_one_should_agree
[gw0] [ 99%] PASSED test.py::test_encoding_detection_all[EncodingEra.ALL-tests/windows-1252-breton/culturax_OSCAR-2019_43764.txt-windows-1252-EncodingEra.MODERN_WEB] test.py::test_encoding_detection_all[EncodingEra.ALL-tests/windows-1252-danish/culturax_mC4_83466.txt-windows-1252-EncodingEra.MODERN_WEB]
[gw0] [ 99%] PASSED test.py::test_encoding_detection_all[EncodingEra.ALL-tests/windows-1252-danish/culturax_mC4_83466.txt-windows-1252-EncodingEra.MODERN_WEB] test.py::test_encoding_detection_all[EncodingEra.ALL-tests/windows-1252-danish/culturax_mC4_83468.txt-windows-1252-EncodingEra.MODERN_WEB]
[gw0] [ 99%] PASSED test.py::test_encoding_detection_all[EncodingEra.ALL-tests/windows-1252-danish/culturax_mC4_83468.txt-windows-1252-EncodingEra.MODERN_WEB] test.py::test_encoding_detection_all[EncodingEra.ALL-tests/windows-1252-danish/culturax_mC4_83469.txt-windows-1252-EncodingEra.MODERN_WEB]
[gw0] [ 99%] PASSED test.py::test_encoding_detection_all[EncodingEra.ALL-tests/windows-1252-danish/culturax_mC4_83469.txt-windows-1252-EncodingEra.MODERN_WEB] test.py::test_encoding_detection_all[EncodingEra.ALL-tests/windows-1252-dutch/culturax_OSCAR-2301_107677.txt-windows-1252-EncodingEra.MODERN_WEB]
[gw0] [ 99%] PASSED test.py::test_encoding_detection_all[EncodingEra.ALL-tests/windows-1252-dutch/culturax_OSCAR-2301_107677.txt-windows-1252-EncodingEra.MODERN_WEB] test.py::test_encoding_detection_all[EncodingEra.ALL-tests/windows-1252-dutch/culturax_mC4_107675.txt-windows-1252-EncodingEra.MODERN_WEB]
[gw0] [ 99%] XFAIL test.py::test_encoding_detection_all[EncodingEra.ALL-tests/windows-1252-dutch/culturax_mC4_107675.txt-windows-1252-EncodingEra.MODERN_WEB] test.py::test_encoding_detection_all[EncodingEra.ALL-tests/windows-1252-dutch/culturax_mC4_107676.txt-windows-1252-EncodingEra.MODERN_WEB]
[gw0] [ 99%] PASSED test.py::test_encoding_detection_all[EncodingEra.ALL-tests/windows-1252-dutch/culturax_mC4_107676.txt-windows-1252-EncodingEra.MODERN_WEB] test.py::test_encoding_detection_all[EncodingEra.ALL-tests/windows-1252-english/_ude_1.txt-windows-1252-EncodingEra.MODERN_WEB]
[gw0] [ 99%] PASSED test.py::test_encoding_detection_all[EncodingEra.ALL-tests/windows-1252-english/_ude_1.txt-windows-1252-EncodingEra.MODERN_WEB] test.py::test_encoding_detection_all[EncodingEra.ALL-tests/windows-1252-english/_ude_2.txt-windows-1252-EncodingEra.MODERN_WEB]
[gw0] [ 99%] PASSED test.py::test_encoding_detection_all[EncodingEra.ALL-tests/windows-1252-english/_ude_2.txt-windows-1252-EncodingEra.MODERN_WEB] test.py::test_encoding_detection_all[EncodingEra.ALL-tests/windows-1252-english/anzeige-value-stars.html-windows-1252-EncodingEra.MODERN_WEB]
[gw0] [ 99%] FAILED test.py::test_encoding_detection_all[EncodingEra.ALL-tests/windows-1252-english/anzeige-value-stars.html-windows-1252-EncodingEra.MODERN_WEB] test.py::test_encoding_detection_all[EncodingEra.ALL-tests/windows-1252-english/culturax_mC4_84511.txt-windows-1252-EncodingEra.MODERN_WEB]
[gw0] [ 99%] PASSED test.py::test_encoding_detection_all[EncodingEra.ALL-tests/windows-1252-english/culturax_mC4_84511.txt-windows-1252-EncodingEra.MODERN_WEB] test.py::test_encoding_detection_all[EncodingEra.ALL-tests/windows-1252-english/culturax_mC4_84512.txt-windows-1252-EncodingEra.MODERN_WEB]
[gw0] [ 99%] XFAIL test.py::test_encoding_detection_all[EncodingEra.ALL-tests/windows-1252-english/culturax_mC4_84512.txt-windows-1252-EncodingEra.MODERN_WEB] test.py::test_encoding_detection_all[EncodingEra.ALL-tests/windows-1252-english/culturax_mC4_84513.txt-windows-1252-EncodingEra.MODERN_WEB]
[gw0] [ 99%] PASSED test.py::test_encoding_detection_all[EncodingEra.ALL-tests/windows-1252-english/culturax_mC4_84513.txt-windows-1252-EncodingEra.MODERN_WEB] test.py::test_encoding_detection_all[EncodingEra.ALL-tests/windows-1252-english/github_bug_9.txt-windows-1252-EncodingEra.MODERN_WEB]
[gw0] [ 99%] PASSED test.py::test_encoding_detection_all[EncodingEra.ALL-tests/windows-1252-english/github_bug_9.txt-windows-1252-EncodingEra.MODERN_WEB] test.py::test_encoding_detection_all[EncodingEra.ALL-tests/windows-1252-finnish/culturax_mC4_80361.txt-windows-1252-EncodingEra.MODERN_WEB]
[gw0] [ 99%] PASSED test.py::test_encoding_detection_all[EncodingEra.ALL-tests/windows-1252-finnish/culturax_mC4_80361.txt-windows-1252-EncodingEra.MODERN_WEB] test.py::test_encoding_detection_all[EncodingEra.ALL-tests/windows-1252-finnish/culturax_mC4_80362.txt-windows-1252-EncodingEra.MODERN_WEB]
[gw0] [ 99%] PASSED test.py::test_encoding_detection_all[EncodingEra.ALL-tests/windows-1252-finnish/culturax_mC4_80362.txt-windows-1252-EncodingEra.MODERN_WEB] test.py::test_encoding_detection_all[EncodingEra.ALL-tests/windows-1252-finnish/culturax_mC4_80363.txt-windows-1252-EncodingEra.MODERN_WEB]
[gw0] [ 99%] PASSED test.py::test_encoding_detection_all[EncodingEra.ALL-tests/windows-1252-finnish/culturax_mC4_80363.txt-windows-1252-EncodingEra.MODERN_WEB] test.py::test_encoding_detection_all[EncodingEra.ALL-tests/windows-1252-french/culturax_OSCAR-2201_88371.txt-windows-1252-EncodingEra.MODERN_WEB]
[gw0] [ 99%] PASSED test.py::test_encoding_detection_all[EncodingEra.ALL-tests/windows-1252-french/culturax_OSCAR-2201_88371.txt-windows-1252-EncodingEra.MODERN_WEB] test.py::test_encoding_detection_all[EncodingEra.ALL-tests/windows-1252-french/culturax_OSCAR-2301_88370.txt-windows-1252-EncodingEra.MODERN_WEB]
[gw0] [ 99%] PASSED test.py::test_encoding_detection_all[EncodingEra.ALL-tests/windows-1252-french/culturax_OSCAR-2301_88370.txt-windows-1252-EncodingEra.MODERN_WEB] test.py::test_encoding_detection_all[EncodingEra.ALL-tests/windows-1252-french/culturax_mC4_88373.txt-windows-1252-EncodingEra.MODERN_WEB]
[gw0] [ 99%] PASSED test.py::test_encoding_detection_all[EncodingEra.ALL-tests/windows-1252-french/culturax_mC4_88373.txt-windows-1252-EncodingEra.MODERN_WEB] test.py::test_encoding_detection_all[EncodingEra.ALL-tests/windows-1252-german/culturax_OSCAR-2301_83754.txt-windows-1252-EncodingEra.MODERN_WEB]
[gw0] [ 99%] PASSED test.py::test_encoding_detection_all[EncodingEra.ALL-tests/windows-1252-german/culturax_OSCAR-2301_83754.txt-windows-1252-EncodingEra.MODERN_WEB] test.py::test_encoding_detection_all[EncodingEra.ALL-tests/windows-1252-german/culturax_mC4_83755.txt-windows-1252-EncodingEra.MODERN_WEB]
[gw0] [ 99%] PASSED test.py::test_encoding_detection_all[EncodingEra.ALL-tests/windows-1252-german/culturax_mC4_83755.txt-windows-1252-EncodingEra.MODERN_WEB] test.py::test_encoding_detection_all[EncodingEra.ALL-tests/windows-1252-german/culturax_mC4_83756.txt-windows-1252-EncodingEra.MODERN_WEB]
[gw0] [ 99%] PASSED test.py::test_encoding_detection_all[EncodingEra.ALL-tests/windows-1252-german/culturax_mC4_83756.txt-windows-1252-EncodingEra.MODERN_WEB] test.py::test_encoding_detection_all[EncodingEra.ALL-tests/windows-1252-icelandic/culturax_mC4_77487.txt-windows-1252-EncodingEra.MODERN_WEB]
[gw0] [ 99%] XFAIL test.py::test_encoding_detection_all[EncodingEra.ALL-tests/windows-1252-icelandic/culturax_mC4_77487.txt-windows-1252-EncodingEra.MODERN_WEB] test.py::test_encoding_detection_all[EncodingEra.ALL-tests/windows-1252-icelandic/culturax_mC4_77488.txt-windows-1252-EncodingEra.MODERN_WEB]
[gw0] [ 99%] PASSED test.py::test_encoding_detection_all[EncodingEra.ALL-tests/windows-1252-icelandic/culturax_mC4_77488.txt-windows-1252-EncodingEra.MODERN_WEB] test.py::test_encoding_detection_all[EncodingEra.ALL-tests/windows-1252-icelandic/culturax_mC4_77489.txt-windows-1252-EncodingEra.MODERN_WEB]
[gw0] [ 99%] PASSED test.py::test_encoding_detection_all[EncodingEra.ALL-tests/windows-1252-icelandic/culturax_mC4_77489.txt-windows-1252-EncodingEra.MODERN_WEB] test.py::test_encoding_detection_all[EncodingEra.ALL-tests/windows-1252-indonesian/culturax_mC4_114889.txt-windows-1252-EncodingEra.MODERN_WEB]
[gw0] [ 99%] PASSED test.py::test_encoding_detection_all[EncodingEra.ALL-tests/windows-1252-indonesian/culturax_mC4_114889.txt-windows-1252-EncodingEra.MODERN_WEB] test.py::test_encoding_detection_all[EncodingEra.ALL-tests/windows-1252-indonesian/culturax_mC4_114890.txt-windows-1252-EncodingEra.MODERN_WEB]
[gw0] [ 99%] PASSED test.py::test_encoding_detection_all[EncodingEra.ALL-tests/windows-1252-indonesian/culturax_mC4_114890.txt-windows-1252-EncodingEra.MODERN_WEB] test.py::test_encoding_detection_all[EncodingEra.ALL-tests/windows-1252-indonesian/culturax_mC4_114892.txt-windows-1252-EncodingEra.MODERN_WEB]
